e prime factors of 86/11 + q/(-33).
2
Let h be (-3)/9*-1*-9. Let j(t) = -6 + 0*t + 3*t**2 + 2*t - 2*t. What are the prime factors of j(h)?
3, 7
Suppose 5*h = h + 72. Let i = 20 - h. Suppose -i*x = 3*x - 165. What are the prime factors of x?
3, 11
Let a(x) = 58*x - 54. List the prime factors of a(6).
2, 3, 7
Let s(o) = 91*o**2 - 45*o + 29. List the prime factors of s(-6).
5, 11, 13
Let u = 6 - 3. Suppose 19 + 17 = -u*t. Let b = t - -20. What are the prime factors of b?
2
Let d be (1/(-2))/(16/(-64)). Suppose d*m - 12 = -8. Suppose m*n = 5*n - 138. List the prime factors of n.
2, 23
Suppose 5*p = -3*x + 1284, 2*x - 8 = -2. What are the prime factors of ((-4)/(-10) + -2 + 2)*p?
2, 3, 17
Suppose 820 = 3*t - 836. List the prime factors of t.
2, 3, 23
Suppose -2*c - 30 - 388 = -2*m, 4*c + 1048 = 5*m. Suppose 2*b + 18 = -y + m, -b + 106 = -4*y. List the prime factors of b.
2, 7
Let g = -140 - -509. List the prime factors of g.
3, 41
Let k(q) = q**2 + 28*q + 29. Let g be k(-27). Suppose 2*j + 2*v = -g*j + 1170, v = 3*j - 875. What are the prime factors of j?
2, 73
Let i(v) = 3*v**3 + 2*v + 11 + 2*v - 9*v**2 + 4*v - 2*v**3. What are the prime factors of i(10)?
191
List the prime factors of 882*5 - 4/(20/(-25)).
5, 883
Let m = -618 + 1057. List the prime factors of m.
439
Let c(m) = 4*m + 3. Let s(k) = -k**3 - 4*k**2 + 5*k + 8. Let r = 16 - 21. Let a be s(r). What are the prime factors of c(a)?
5, 7
Suppose 0 = 3*l - 4*l - 4, -f - l = -19. Let t be 6/(-8) - f/(-4). Suppose -3*p + 35 = 2*k - 58, -p = -t. List the prime factors of k.
3, 13
Suppose -5*a = c + 10, 3*c - 12 - 15 = 4*a. Let o be -62*a/(-12)*4. Let k = -33 - o. What are the prime factors of k?
29
Let t(y) = y. Let m be t(5). Suppose -5*j - 29 = -4*o, 3*j + 2 = -1. Suppose 0 = -5*s - 4*f + 95, -64 = -m*s + f + o. List the prime factors of s.
3, 5
Suppose 0*q + 3*q - 3*r - 3 = 0, 4*q - 3*r - 6 = 0. Suppose -4*d + 307 = q. List the prime factors of d.
2, 19
Suppose 0 = -3*v + 4*n + 343, -5*v + 3*n - 7 = -575. List the prime factors of v.
113
Let f(y) = y**3 - 15*y**2 + 13*y + 18. Let o be f(14). Suppose o = z - 54. Let p = z + -32. What are the prime factors of p?
2, 13
What are the prime factors of (-7348)/56*-26 + (-9)/(-21)?
2, 853
Let f(l) = l + 2*l + 1 + 12 + 7*l. What are the prime factors of f(8)?
3, 31
Suppose -4*m - 3*w + 8 = -5*m, 5*m - 3*w - 20 = 0. What are the prime factors of (-651)/(-12) - m/28?
2, 3
Suppose -t = 4*k + 32, -t = -3*t - k - 57. Let b be (0 + -1)/(7/t). Suppose -u = b*u - 10. What are the prime factors of u?
2
Let t(n) = -2*n + 18 + 31 - 3 + n**3. What are the prime factors of t(0)?
2, 23
Let d(v) = -v**3 - 17*v**2 + 2*v + 285. List the prime factors of d(0).
3, 5, 19
Let t(n) = 28*n - 241. List the prime factors of t(34).
3, 79
Suppose 6*o - 2 + 2 = 0. Suppose o = 17*i - 11*i - 540. What are the prime factors of i?
2, 3, 5
Suppose g + 3*g = -2*h - 134, -h + 29 = -g. Let z = 28 + g. What are the prime factors of z/(-10) + 832/20?
2, 3, 7
Let j(l) = 2*l**2 - 6*l - 10. Suppose -6*b + 2*b = -5*o + 17, 3*b = -2*o + 16. Let h be j(o). Let d(n) = 5*n - 14. What are the prime factors of d(h)?
2, 3
Let y(l) = 4*l**2 + 2*l + 1. Suppose 3*n = 4*f - 2*f - 11, -4*n + 2*f - 16 = 0. What are the prime factors of y(n)?
7, 13
Let q = -88 - -307. Suppose -5*u + q + 581 = 5*h, 664 = 4*h - 2*u. List the prime factors of h.
2, 41
Suppose 68*w = 41*w + 2727. What are the prime factors of w?
101
Let b(z) = 4*z**2 - 13*z. List the prime factors of b(18).
2, 3, 59
Let n(s) be the first derivative of -4*s**3/3 + 2*s - 6. Let p be n(3). What are the prime factors of -3 - -1 - (p - -7)?
5
Let j = -115 - -562. List the prime factors of j.
3, 149
Let u = 1472 + -750. List the prime factors of u.
2, 19
Suppose -4*m + 40 = -4*w, -10 = 2*w - 4*m + 8. Let s(l) = -6*l**2 + 12 + 6*l - l**3 - 4*l**2 + 4*l. What are the prime factors of s(w)?
23
Let r = -753 + 1235. List the prime factors of r.
2, 241
Suppose -y + 1 = -p, -3*y - 3*p = 2*y + 27. Let u(a) = 3*a**2 - 4*a - 12. List the prime factors of u(y).
3
Let m = 513 + -40. What are the prime factors of m?
11, 43
Let h = 85 - 45. Let y be ((-50)/h)/((-2)/8). Suppose y*g = 4*g + 64. List the prime factors of g.
2
Let x(o) be the first derivative of o**4/4 - 4*o**3/3 + 2*o + 7. Let i be x(3). List the prime factors of ((-30)/4)/(i/42).
3, 5
Let l be 1 - 14*(-2)/4. Suppose -3*p + 23 - l = 0. Suppose 0 = -a - 3*w + 6, 3*a - p*a + 3*w + 21 = 0. List the prime factors of a.
3
Let x = -799 + 1491. List the prime factors of x.
2, 173
Let z(l) = -l**3 - 13*l**2 - l - 8. Let r be z(-13). List the prime factors of r + 615/21 + (-4)/14.
2, 17
Suppose 5*k - 205 = -5*d, -7*d + 2*d = 4*k - 208. Suppose 19 = 4*r - 3*r. Let q = d - r. List the prime factors of q.
5
Suppose 4*q + 7925 = k + 2447, -27390 = -5*k + 3*q. List the prime factors of k.
2, 3, 11, 83
Let k(a) = 286*a**2 - 29*a + 67. List the prime factors of k(4).
3, 503
Suppose 0 = -2*y - 4, 0 = -7*p + 3*p - 4*y + 1808. What are the prime factors of p?
2, 227
Let p = -543 + 1207. List the prime factors of p.
2, 83
List the prime factors of (-24)/(((-40)/125)/8).
2, 3, 5
Suppose 13*l + 2*l = 6135. Suppose 13*g - l = 20. List the prime factors of g.
3, 11
Suppose g + 742 = -p - 0*p, -5*g - 3719 = 2*p. What are the prime factors of g/(-10)*2*1?
149
Let u be 1 + (-1 - (-8 + 2)). Suppose 0 = -u*t + 202 + 68. What are the prime factors of t?
3, 5
Let k be ((-9)/5)/(25/(-125)). Suppose -2*q + 252 = b, k*b - 1227 = 4*b + q. What are the prime factors of b?
2, 3, 41
Let p = -9 - -19. Let c(b) = b + 21. List the prime factors of c(p).
31
Let y = -91 - -96. Let n(k) = -k**3 + 13*k**2 - 2*k. What are the prime factors of n(y)?
2, 5, 19
Let p(g) = g**3 - g**2 + 2*g + 4. Let k be p(0). Suppose k = -y - 11. List the prime factors of y*10*(-2)/5.
2, 3, 5
Let r be 3 - (-2 + 2) - (49 + 10). List the prime factors of r/42 + (-535)/(-3).
3, 59
Suppose 3*m = 3*v - 15, 2*v - 6*v + 17 = -3*m. Suppose v*y + 2*g - 40 = 4, -y + 5*g = -10. List the prime factors of y.
2, 5
Let z(j) = 13*j**2 - 9 + j**3 - 2*j**2 + 8*j - 7*j**2 - 11*j**2. Let d be (0 + -1)/(-3)*21. List the prime factors of z(d).
47
Suppose 0 = 5*z + f + 99 + 85, 0 = -4*z + 5*f - 124. Let t = z - -47. What are the prime factors of t?
11
Let c be (-21)/(-6) + 2/(-4). Suppose 0 = 3*k - 2 - 13. Suppose i - 151 = -k*r, c*r - 3*i = 39 + 66. What are the prime factors of r?
31
Let t be (-30)/(-40) + 914/8. What are the prime factors of ((-3)/(-12) - (-1)/(-4)) + t?
5, 23
Let t be (-1 + 0)/(1 + 0). Let d(c) be the first derivative of 23*c**3 - 99. What are the prime factors of d(t)?
3, 23
Let q(o) = 11*o - 41. Suppose 5*l = 4*l + 12. What are the prime factors of q(l)?
7, 13
Let w = 266 - -61. Suppose -136*t + 133*t = -w. What are the prime factors of t?
109
Suppose -56 = -3*o - 41, 5*d - 3*o = 8605. List the prime factors of d.
2, 431
Let s(h) = -191*h + 4. What are the prime factors of s(-5)?
7, 137
Suppose -a = -1604 + 340. Suppose -4*u + 4*c = -1268, -a = -4*u + c + c. List the prime factors of u.
3, 5, 7
Suppose -1220 - 4955 = -19*k. List the prime factors of k.
5, 13
What are the prime factors of (-33)/(0 + 2 + (-3460)/1724)?
11, 431
Suppose 0 = -n - n + 6. Suppose n*s = s + 10, -5*w + 5*s - 35 = 0. What are the prime factors of (4 - 3)*(-50)/w?
5
Suppose 4 = 3*s + s. List the prime factors of 100 - (2 - 0 - s).
3, 11
Let m be (-99)/2*(-16)/(-12). Let l = 166 + m. What are the prime factors of l?
2, 5
Let v(f) = -f**2 - 10*f - 3. Let y(c) = c**2 + 3*c. Let x be y(3). Let s = x - 25. List the prime factors of v(s).
2, 3
Suppose 45*c - 48*c = 0. Suppose c = -2*i, 2*i = -6*r + r + 115. What are the prime factors of r?
23
Suppose 5*j = 4*m - 5, -3*j + 3*m - 3 = -2*m. Let l(t) = -45*t**3 - 2*t**2 - 2*t. List the prime factors of l(j).
3, 5
Let t(h) = -h**3 + 7*h**2 - 7*h - 12. Let i(f) = 3*f**3 - 22*f**2 + 22*f + 36. Let w(l) = -2*i(l) - 7*t(l). What are the prime factors of w(5)?
37
Suppose 3*a + 2*g - 1624 = 0, 2*a - 11*g - 1108 = -6*g. What are the prime factors of a?
2, 17
Suppose 4*h - 5*m - 4298 = 0, -2*h + 3*m = -m - 2146. List the prime factors of h.
3, 359
What are the prime factors of 4/3*98091/54?
2, 7, 173
Suppose 0 = 8*w + 3*w - 220. List the prime factors of w